{"id":228,"date":"2023-09-11T21:09:06","date_gmt":"2023-09-11T21:09:21","guid":{"rendered":"https:\/\/lifesavers.a.land\/?page_id=228"},"modified":"2023-10-23T04:47:43","modified_gmt":"2023-10-23T04:47:43","slug":"blutungen-fallbeispiel","status":"publish","type":"page","link":"https:\/\/lifesavers.a.land\/?page_id=228","title":{"rendered":"Blutungen Fallbeispiel"},"content":{"rendered":"\n<h2 class=\"wp-block-heading\">\u00dcbung<\/h2>\n\n\n\n<figure class=\"wp-block-image aligncenter size-large is-resized\"><img decoding=\"async\" src=\"https:\/\/www.dieallerersten.de\/w\/gfx\/medium\/scribbles\/themenseiten\/201203_web_neu_illus_1-1_blutung_hochhaltung.png\" alt=\"\" style=\"width:534px;height:534px\"\/><\/figure>\n\n\n\n<p><strong>In diesem Abschnitt bearbeiten Sie ein Notfallsituation zum Thema Blutungen. Wenden Sie ihr gelerntes Wissen von der Webseite an. Sie haben mehrere Optionen, w\u00e4hlen Sie dabei die richtigen Handlungsschritte aus!<\/strong><\/p>\n\n\n\n<p>Sie sind an einem Sanit\u00e4tsdienst als Sanit\u00e4ter. Sie haben stets einen Defibrillator, ein gef\u00fcllter Sanit\u00e4tsrucksack, eine Sauerstoffflasche und ihre pers\u00f6nliche Schutzausr\u00fcstung.<\/p>\n\n\n\n<p>Eine Einsatzmeldung kommt und eine 50 Jahre alter Familienvater hat sich eine starke Blutung am Bein geholt. Sie kommen zum Einsatzort und sehen sehr viel Blut auf dem Boden.<\/p>\n\n\n\n<p>Doch was machen Sie zuerst?<\/p>\n\n\n\n<div class=\"wp-block-buttons is-layout-flex wp-block-buttons-is-layout-flex\">\n<div class=\"wp-block-button has-custom-width wp-block-button__width-100 is-style-fill\"><a class=\"wp-block-button__link wp-element-button\" href=\"https:\/\/lifesavers.a.land\/?page_id=235\">Ich gehe sofort zum Patienten, weil Lebensgefahr besteht<\/a><\/div>\n\n\n\n<div class=\"wp-block-button has-custom-width wp-block-button__width-100 is-style-fill\"><a class=\"wp-block-button__link wp-element-button\" href=\"https:\/\/lifesavers.a.land\/?page_id=233\">Ich ziehe meine Schutzhandschuhe und Schutzbrille an<\/a><\/div>\n<\/div>\n\n\n\n<p class=\"has-tiny-font-size\">Bildquelle: <a href=\"https:\/\/vorschriften.bgn-branchenwissen.de\/daten\/dguv\/204_006\/7.htm\">https:\/\/vorschriften.bgn-branchenwissen.de\/daten\/dguv\/204_006\/7.htm<\/a><\/p>\n","protected":false},"excerpt":{"rendered":"<p>\u00dcbung In diesem Abschnitt bearbeiten Sie ein Notfallsituation zum Thema Blutungen. Wenden Sie ihr gelerntes Wissen von der Webseite an. Sie haben mehrere Optionen, w\u00e4hlen Sie dabei die richtigen Handlungsschritte aus! Sie sind an einem Sanit\u00e4tsdienst als Sanit\u00e4ter. Sie haben stets einen Defibrillator, ein gef\u00fcllter Sanit\u00e4tsrucksack, eine Sauerstoffflasche und ihre pers\u00f6nliche Schutzausr\u00fcstung. Eine Einsatzmeldung kommt [&hellip;]<\/p>\n","protected":false},"author":1,"featured_media":0,"parent":706,"menu_order":0,"comment_status":"closed","ping_status":"closed","template":"","meta":{"footnotes":""},"_links":{"self":[{"href":"https:\/\/lifesavers.a.land\/index.php?rest_route=\/wp\/v2\/pages\/228"}],"collection":[{"href":"https:\/\/lifesavers.a.land\/index.php?rest_route=\/wp\/v2\/pages"}],"about":[{"href":"https:\/\/lifesavers.a.land\/index.php?rest_route=\/wp\/v2\/types\/page"}],"author":[{"embeddable":true,"href":"https:\/\/lifesavers.a.land\/index.php?rest_route=\/wp\/v2\/users\/1"}],"replies":[{"embeddable":true,"href":"https:\/\/lifesavers.a.land\/index.php?rest_route=%2Fwp%2Fv2%2Fcomments&post=228"}],"version-history":[{"count":5,"href":"https:\/\/lifesavers.a.land\/index.php?rest_route=\/wp\/v2\/pages\/228\/revisions"}],"predecessor-version":[{"id":805,"href":"https:\/\/lifesavers.a.land\/index.php?rest_route=\/wp\/v2\/pages\/228\/revisions\/805"}],"up":[{"embeddable":true,"href":"https:\/\/lifesavers.a.land\/index.php?rest_route=\/wp\/v2\/pages\/706"}],"wp:attachment":[{"href":"https:\/\/lifesavers.a.land\/index.php?rest_route=%2Fwp%2Fv2%2Fmedia&parent=228"}],"curies":[{"name":"wp","href":"https:\/\/api.w.org\/{rel}","templated":true}]}}