{"id":344,"date":"2023-09-14T21:08:36","date_gmt":"2023-09-14T21:08:36","guid":{"rendered":"https:\/\/lifesavers.a.land\/?page_id=344"},"modified":"2023-09-28T21:50:57","modified_gmt":"2023-09-28T21:50:57","slug":"handlung-2","status":"publish","type":"page","link":"https:\/\/lifesavers.a.land\/?page_id=344","title":{"rendered":"Handlung (2)"},"content":{"rendered":"\n\n\n<p>Auf ihre Ansprache antwortet die Person nicht und zeigt auch keine Reaktion auf die Ber\u00fchrung.<br>Was tun Sie als n\u00e4chstes?<\/p>\n\n\n\n<div class=\"wp-block-buttons is-layout-flex wp-block-buttons-is-layout-flex\">\n<div class=\"wp-block-button has-custom-width wp-block-button__width-100\"><a class=\"wp-block-button__link wp-element-button\" href=\"https:\/\/lifesavers.a.land\/?page_id=346\">Ich bringe die Patientin in die stabile Seitenlagerung, da Sie ganz klar bewusstlos ist.<\/a><\/div>\n\n\n\n<div class=\"wp-block-button has-custom-width wp-block-button__width-100\"><a class=\"wp-block-button__link wp-element-button\" href=\"https:\/\/lifesavers.a.land\/?page_id=346\">Ich lasse die Frau ausruhen, da Sie eine \u00dcberanstrengung hat und deswegen sich erholen muss.&nbsp;<\/a><\/div>\n\n\n\n<div class=\"wp-block-button has-custom-width wp-block-button__width-100\"><a class=\"wp-block-button__link wp-element-button\" href=\"https:\/\/lifesavers.a.land\/?page_id=348\">Ich \u00fcberstrecke den Kopf, um die Atemwege freizulegen und \u00fcberpr\u00fcfe, ob eine normale Atmung vorhanden ist.<\/a><\/div>\n<\/div>\n","protected":false},"excerpt":{"rendered":"<p>Auf ihre Ansprache antwortet die Person nicht und zeigt auch keine Reaktion auf die Ber\u00fchrung.Was tun Sie als n\u00e4chstes?<\/p>\n","protected":false},"author":1,"featured_media":0,"parent":340,"menu_order":0,"comment_status":"closed","ping_status":"closed","template":"","meta":{"footnotes":""},"_links":{"self":[{"href":"https:\/\/lifesavers.a.land\/index.php?rest_route=\/wp\/v2\/pages\/344"}],"collection":[{"href":"https:\/\/lifesavers.a.land\/index.php?rest_route=\/wp\/v2\/pages"}],"about":[{"href":"https:\/\/lifesavers.a.land\/index.php?rest_route=\/wp\/v2\/types\/page"}],"author":[{"embeddable":true,"href":"https:\/\/lifesavers.a.land\/index.php?rest_route=\/wp\/v2\/users\/1"}],"replies":[{"embeddable":true,"href":"https:\/\/lifesavers.a.land\/index.php?rest_route=%2Fwp%2Fv2%2Fcomments&post=344"}],"version-history":[{"count":6,"href":"https:\/\/lifesavers.a.land\/index.php?rest_route=\/wp\/v2\/pages\/344\/revisions"}],"predecessor-version":[{"id":601,"href":"https:\/\/lifesavers.a.land\/index.php?rest_route=\/wp\/v2\/pages\/344\/revisions\/601"}],"up":[{"embeddable":true,"href":"https:\/\/lifesavers.a.land\/index.php?rest_route=\/wp\/v2\/pages\/340"}],"wp:attachment":[{"href":"https:\/\/lifesavers.a.land\/index.php?rest_route=%2Fwp%2Fv2%2Fmedia&parent=344"}],"curies":[{"name":"wp","href":"https:\/\/api.w.org\/{rel}","templated":true}]}}