{"id":356,"date":"2023-09-14T21:08:36","date_gmt":"2023-09-14T21:08:36","guid":{"rendered":"https:\/\/lifesavers.a.land\/?page_id=356"},"modified":"2023-09-28T21:58:17","modified_gmt":"2023-09-28T21:58:17","slug":"handlung-4","status":"publish","type":"page","link":"https:\/\/lifesavers.a.land\/?page_id=356","title":{"rendered":"Handlung (4)"},"content":{"rendered":"\n\n\n<p>Es wurde erfolgreich alarmiert. Der Rettungsdienst, die First-Responder und der Notarzt sind mit Blaulicht unterwegs.<\/p>\n\n\n\n<p>Sie entkleiden die Patientin am Oberk\u00f6rper f\u00fcr die Reanimation.&nbsp;<br>Was tun Sie als n\u00e4chstes?<\/p>\n\n\n\n<div class=\"wp-block-buttons is-layout-flex wp-block-buttons-is-layout-flex\">\n<div class=\"wp-block-button has-custom-width wp-block-button__width-100\"><a class=\"wp-block-button__link wp-element-button\" href=\"https:\/\/lifesavers.a.land\/?page_id=360\">Ich f\u00fchre Thoraxkompressionen durch, der Druckpunkt liegt in der Mitte des Brustkorbes.<\/a><\/div>\n\n\n\n<div class=\"wp-block-button has-custom-width wp-block-button__width-100\"><a class=\"wp-block-button__link wp-element-button\" href=\"https:\/\/lifesavers.a.land\/?page_id=358\">Ich beatme die Patientin mit zwei Atemst\u00f6ssen.<\/a><\/div>\n\n\n\n<div class=\"wp-block-button has-custom-width wp-block-button__width-100\"><a class=\"wp-block-button__link wp-element-button\" href=\"https:\/\/lifesavers.a.land\/?page_id=358\">Ich f\u00fchre Thoraxkompressionen durch, der Druckpunkt liegt auf der linken Seite des Brustkorbes.<\/a><\/div>\n<\/div>\n","protected":false},"excerpt":{"rendered":"<p>Es wurde erfolgreich alarmiert. Der Rettungsdienst, die First-Responder und der Notarzt sind mit Blaulicht unterwegs. Sie entkleiden die Patientin am Oberk\u00f6rper f\u00fcr die Reanimation.&nbsp;Was tun Sie als n\u00e4chstes?<\/p>\n","protected":false},"author":1,"featured_media":0,"parent":352,"menu_order":0,"comment_status":"closed","ping_status":"closed","template":"","meta":{"footnotes":""},"_links":{"self":[{"href":"https:\/\/lifesavers.a.land\/index.php?rest_route=\/wp\/v2\/pages\/356"}],"collection":[{"href":"https:\/\/lifesavers.a.land\/index.php?rest_route=\/wp\/v2\/pages"}],"about":[{"href":"https:\/\/lifesavers.a.land\/index.php?rest_route=\/wp\/v2\/types\/page"}],"author":[{"embeddable":true,"href":"https:\/\/lifesavers.a.land\/index.php?rest_route=\/wp\/v2\/users\/1"}],"replies":[{"embeddable":true,"href":"https:\/\/lifesavers.a.land\/index.php?rest_route=%2Fwp%2Fv2%2Fcomments&post=356"}],"version-history":[{"count":7,"href":"https:\/\/lifesavers.a.land\/index.php?rest_route=\/wp\/v2\/pages\/356\/revisions"}],"predecessor-version":[{"id":605,"href":"https:\/\/lifesavers.a.land\/index.php?rest_route=\/wp\/v2\/pages\/356\/revisions\/605"}],"up":[{"embeddable":true,"href":"https:\/\/lifesavers.a.land\/index.php?rest_route=\/wp\/v2\/pages\/352"}],"wp:attachment":[{"href":"https:\/\/lifesavers.a.land\/index.php?rest_route=%2Fwp%2Fv2%2Fmedia&parent=356"}],"curies":[{"name":"wp","href":"https:\/\/api.w.org\/{rel}","templated":true}]}}