{"id":370,"date":"2023-09-14T21:08:36","date_gmt":"2023-09-14T21:08:36","guid":{"rendered":"https:\/\/lifesavers.a.land\/?page_id=370"},"modified":"2023-09-16T20:10:40","modified_gmt":"2023-09-16T20:10:40","slug":"antwort-6","status":"publish","type":"page","link":"https:\/\/lifesavers.a.land\/?page_id=370","title":{"rendered":"Antwort (6)"},"content":{"rendered":"\n<h1 class=\"wp-block-heading has-vivid-red-background-color has-background\">FALSCH!<\/h1>\n\n\n\n<p>Es sind 30 Thoraxkompressionen zu 2 Beatmungsst\u00f6ssen. Wenn man jedoch nicht Beatmen m\u00f6chte aus Eigenschutz, kann man einfach im Tempo von 100-120 Thoraxkompressionen dr\u00fccken.<\/p>\n\n\n\n<div class=\"wp-block-buttons is-content-justification-right is-layout-flex wp-container-1 wp-block-buttons-is-layout-flex\">\n<div class=\"wp-block-button\"><a class=\"wp-block-button__link wp-element-button\" href=\"https:\/\/lifesavers.a.land\/?page_id=374\">Weiter<\/a><\/div>\n<\/div>\n","protected":false},"excerpt":{"rendered":"<p>FALSCH! Es sind 30 Thoraxkompressionen zu 2 Beatmungsst\u00f6ssen. Wenn man jedoch nicht Beatmen m\u00f6chte aus Eigenschutz, kann man einfach im Tempo von 100-120 Thoraxkompressionen dr\u00fccken.<\/p>\n","protected":false},"author":1,"featured_media":0,"parent":368,"menu_order":1,"comment_status":"closed","ping_status":"closed","template":"","meta":{"footnotes":""},"_links":{"self":[{"href":"https:\/\/lifesavers.a.land\/index.php?rest_route=\/wp\/v2\/pages\/370"}],"collection":[{"href":"https:\/\/lifesavers.a.land\/index.php?rest_route=\/wp\/v2\/pages"}],"about":[{"href":"https:\/\/lifesavers.a.land\/index.php?rest_route=\/wp\/v2\/types\/page"}],"author":[{"embeddable":true,"href":"https:\/\/lifesavers.a.land\/index.php?rest_route=\/wp\/v2\/users\/1"}],"replies":[{"embeddable":true,"href":"https:\/\/lifesavers.a.land\/index.php?rest_route=%2Fwp%2Fv2%2Fcomments&post=370"}],"version-history":[{"count":3,"href":"https:\/\/lifesavers.a.land\/index.php?rest_route=\/wp\/v2\/pages\/370\/revisions"}],"predecessor-version":[{"id":466,"href":"https:\/\/lifesavers.a.land\/index.php?rest_route=\/wp\/v2\/pages\/370\/revisions\/466"}],"up":[{"embeddable":true,"href":"https:\/\/lifesavers.a.land\/index.php?rest_route=\/wp\/v2\/pages\/368"}],"wp:attachment":[{"href":"https:\/\/lifesavers.a.land\/index.php?rest_route=%2Fwp%2Fv2%2Fmedia&parent=370"}],"curies":[{"name":"wp","href":"https:\/\/api.w.org\/{rel}","templated":true}]}}