{"id":483,"date":"2023-09-17T10:41:06","date_gmt":"2023-09-17T10:41:39","guid":{"rendered":"https:\/\/lifesavers.a.land\/?page_id=483"},"modified":"2023-10-23T04:56:48","modified_gmt":"2023-10-23T04:56:48","slug":"tourniquet","status":"publish","type":"page","link":"https:\/\/lifesavers.a.land\/?page_id=483","title":{"rendered":"Tourniquet"},"content":{"rendered":"\n<p class=\"has-text-align-left\"><strong>Das Tourniquet<\/strong> ist ein Hilfsmittel, das bei starken Blutungen an Extremit\u00e4ten (Beine und Arme) eingesetzt wird. Oft wird es in der zivilen, aber auch taktischen Notfallmedizin verwendet, wie z.B. bei Schusswunden oder schnellen Blutstillungen im Krieg. Wichtig ist, dass wenn das Tourniquet mal angelegt wurde, man das Tourniquet auf keinem Fall wieder l\u00f6st. Im Normalfall sollte nur ein Arzt dies im Spital l\u00f6sen.<\/p>\n\n\n\n<p><\/p>\n\n\n\n<h4 class=\"wp-block-heading\">Funktion und Gefahren<\/h4>\n\n\n\n<p>Wird das Tourniquet bei einer starken Blutung verwendet, stoppt das Tourniquet den Blutfluss in der Extremit\u00e4t, indem es durch starke Kompression die Gef\u00e4sse verschliesst.<\/p>\n\n\n\n<p>Jedoch bringt das Tourniquet schwerwiegende Risiken und potenzielle Komplikationen mit sich und sollte deshalb auch nur als einer der letzten Optionen verwendet werden.<\/p>\n\n\n\n<p>Je l\u00e4nger das Tourniquet an der Extremit\u00e4t ist, desto h\u00f6her ist das Risiko, dass Gewebe abstirbt (<em><a href=\"https:\/\/flexikon.doccheck.com\/de\/Nekrose\" data-type=\"link\" data-id=\"https:\/\/flexikon.doccheck.com\/de\/Nekrose\">Gewebsnekrose<\/a><\/em>), Nervengewebe verletzt wird (<em><a href=\"https:\/\/flexikon.doccheck.com\/de\/Nervenl%C3%A4sion\" data-type=\"link\" data-id=\"https:\/\/flexikon.doccheck.com\/de\/Nervenl%C3%A4sion\">Nervenl\u00e4sion<\/a><\/em>), Blutgerinnsel Gef\u00e4sse verschliessen (<em><a href=\"https:\/\/flexikon.doccheck.com\/de\/Thromboembolie\" data-type=\"link\" data-id=\"https:\/\/flexikon.doccheck.com\/de\/Thromboembolie\">Thromboembolie<\/a><\/em>) oder ein <a href=\"https:\/\/flexikon.doccheck.com\/de\/Reperfusionssyndrom\" data-type=\"link\" data-id=\"https:\/\/flexikon.doccheck.com\/de\/Reperfusionssyndrom\"><em>Reperfusionssyndrom<\/em> oder Tourniquet-Syndrom<\/a> entsteht.<\/p>\n\n\n\n<p><\/p>\n\n\n\n<h4 class=\"wp-block-heading\">Benutzung<\/h4>\n\n\n\n<p>Generell wird zuerst empfohlen ein Druckverband anzumachen, falls dieses nicht gen\u00fcgt ein Zweites. Erst nachdem der zweite Druckverband nichts n\u00fctzt, sollte man ein Tourniquet in Erw\u00e4gung ziehen. Jedoch ist dies nicht in allen F\u00e4llen m\u00f6glich.<\/p>\n\n\n\n<p>Das Tourniquet wird bei folgenden Situationen verwendet:<\/p>\n\n\n\n<ol type=\"1\">\n<li>Wenn eine starke Blutung z.B. durch einen tiefen Schnitt, einer Schusswunde oder einem<em> <a href=\"https:\/\/flexikon.doccheck.com\/de\/Trauma\" data-type=\"link\" data-id=\"https:\/\/flexikon.doccheck.com\/de\/Trauma\">Trauma<\/a> <\/em>nicht gestoppt werden kann (nach zweitem <a href=\"https:\/\/lifesavers.a.land\/?p=64\" data-type=\"post\" data-id=\"64\">Druckverband<\/a> oder im Krieg).<\/li>\n\n\n\n<li>In Notfallsituationen, bei denen viele Verletzte, gleichzeitig Bluten und die Ressourcen und Helfer begrenzt sind (Leben vor Lebensqualit\u00e4t).<\/li>\n\n\n\n<li>Bei teilweisen oder vollst\u00e4ndigen Amputationen der Gliedmassen, die bluten.<\/li>\n\n\n\n<li>Im Krieg, wenn die Blutstillung schnell gehen muss<\/li>\n<\/ol>\n\n\n\n<p><\/p>\n\n\n\n<h4 class=\"wp-block-heading\">Anleitung<\/h4>\n\n\n\n<p>Generell gelten zwei verschiedene Richtlinien. Laut Trema-Guidelines gilt der Grundsatz \u00abHIGH AND TIGHT\u00bb! Es sollte m\u00f6glichst eng, hoch (<em><a href=\"https:\/\/dccdn.de\/www.doccheck.com\/data\/5q\/bq\/b7\/m2\/v8\/vb\/anatomische_lage-_und_richtungsbezeichnung__1__lg.jpg\" data-type=\"link\" data-id=\"https:\/\/dccdn.de\/www.doccheck.com\/data\/5q\/bq\/b7\/m2\/v8\/vb\/anatomische_lage-_und_richtungsbezeichnung__1__lg.jpg\">proximal<\/a><\/em>) und ca. eine Handbreite tiefer (<em><a href=\"https:\/\/dccdn.de\/www.doccheck.com\/data\/5q\/bq\/b7\/m2\/v8\/vb\/anatomische_lage-_und_richtungsbezeichnung__1__lg.jpg\" data-type=\"link\" data-id=\"https:\/\/dccdn.de\/www.doccheck.com\/data\/5q\/bq\/b7\/m2\/v8\/vb\/anatomische_lage-_und_richtungsbezeichnung__1__lg.jpg\">distal<\/a><\/em>) von der Leiste oder Achsel angelegt sein.<\/p>\n\n\n\n<p>Laut TCCC-Guidelines wird eine Anlage 5-7\u00a0cm oberhalb der Blutung empfohlen und dabei sollte das Tourniquet nie auf Gelenken platziert sein.<\/p>\n\n\n\n<div class=\"wp-block-media-text is-stacked-on-mobile\" style=\"grid-template-columns:48% auto\"><figure class=\"wp-block-media-text__media\"><img decoding=\"async\" loading=\"lazy\" width=\"756\" height=\"249\" src=\"https:\/\/lifesavers.a.land\/wp-content\/uploads\/2023\/09\/Tourniquet-1.png\" alt=\"\" class=\"wp-image-486 size-full\" srcset=\"https:\/\/lifesavers.a.land\/wp-content\/uploads\/2023\/09\/Tourniquet-1.png 756w, https:\/\/lifesavers.a.land\/wp-content\/uploads\/2023\/09\/Tourniquet-1-300x99.png 300w\" sizes=\"(max-width: 756px) 100vw, 756px\" \/><\/figure><div class=\"wp-block-media-text__content\">\n<p>Tourniquet auspacken und m\u00f6glich proximal an der Extremit\u00e4t platzieren und die Spitze des Bandes durch den Schlitz der Schnalle positionieren oder wenn man es einh\u00e4ndig macht, die Extremit\u00e4t hineinschieben.<\/p>\n<\/div><\/div>\n\n\n\n<div class=\"wp-block-media-text is-stacked-on-mobile\"><figure class=\"wp-block-media-text__media\"><img decoding=\"async\" loading=\"lazy\" width=\"417\" height=\"275\" src=\"https:\/\/lifesavers.a.land\/wp-content\/uploads\/2023\/09\/Tourniquet-2.png\" alt=\"\" class=\"wp-image-487 size-full\" srcset=\"https:\/\/lifesavers.a.land\/wp-content\/uploads\/2023\/09\/Tourniquet-2.png 417w, https:\/\/lifesavers.a.land\/wp-content\/uploads\/2023\/09\/Tourniquet-2-300x198.png 300w\" sizes=\"(max-width: 417px) 100vw, 417px\" \/><\/figure><div class=\"wp-block-media-text__content\">\n<p>Das Band so fest anziehen, dass man mit drei Fingern nicht unter das Band kommen kann.<\/p>\n<\/div><\/div>\n\n\n\n<div class=\"wp-block-media-text is-stacked-on-mobile\"><figure class=\"wp-block-media-text__media\"><img decoding=\"async\" loading=\"lazy\" width=\"447\" height=\"271\" src=\"https:\/\/lifesavers.a.land\/wp-content\/uploads\/2023\/09\/Tourniquet-3.png\" alt=\"\" class=\"wp-image-488 size-full\" srcset=\"https:\/\/lifesavers.a.land\/wp-content\/uploads\/2023\/09\/Tourniquet-3.png 447w, https:\/\/lifesavers.a.land\/wp-content\/uploads\/2023\/09\/Tourniquet-3-300x182.png 300w\" sizes=\"(max-width: 447px) 100vw, 447px\" \/><\/figure><div class=\"wp-block-media-text__content\">\n<p>Den Stab drehen, bis die Blutung stoppt.<\/p>\n<\/div><\/div>\n\n\n\n<div class=\"wp-block-media-text is-stacked-on-mobile\"><figure class=\"wp-block-media-text__media\"><img decoding=\"async\" loading=\"lazy\" width=\"433\" height=\"287\" src=\"https:\/\/lifesavers.a.land\/wp-content\/uploads\/2023\/09\/Tourniquet-4.png\" alt=\"\" class=\"wp-image-489 size-full\" srcset=\"https:\/\/lifesavers.a.land\/wp-content\/uploads\/2023\/09\/Tourniquet-4.png 433w, https:\/\/lifesavers.a.land\/wp-content\/uploads\/2023\/09\/Tourniquet-4-300x199.png 300w\" sizes=\"(max-width: 433px) 100vw, 433px\" \/><\/figure><div class=\"wp-block-media-text__content\">\n<p>Den Stab in den Clip sichern und \u00fcberpr\u00fcfen, ob die Verletzung noch blutet oder ein Puls sp\u00fcrbar ist in der Extremit\u00e4t. Wenn dies vorhanden ist, muss das Tourniquet noch fester angezogen werden.<\/p>\n<\/div><\/div>\n\n\n\n<div class=\"wp-block-media-text is-stacked-on-mobile\"><figure class=\"wp-block-media-text__media\"><img decoding=\"async\" loading=\"lazy\" width=\"420\" height=\"282\" src=\"https:\/\/lifesavers.a.land\/wp-content\/uploads\/2023\/09\/Tourniquet-5.png\" alt=\"\" class=\"wp-image-490 size-full\" srcset=\"https:\/\/lifesavers.a.land\/wp-content\/uploads\/2023\/09\/Tourniquet-5.png 420w, https:\/\/lifesavers.a.land\/wp-content\/uploads\/2023\/09\/Tourniquet-5-300x201.png 300w\" sizes=\"(max-width: 420px) 100vw, 420px\" \/><\/figure><div class=\"wp-block-media-text__content\">\n<p>Zuletzt muss der Stab noch gesichert werden und der Zeitpunkt der Anwendung muss draufgeschrieben werden.<\/p>\n<\/div><\/div>\n\n\n\n<h4 class=\"wp-block-heading\">Videoanleitung<\/h4>\n\n\n\n<figure class=\"wp-block-embed is-type-video is-provider-youtube wp-block-embed-youtube wp-embed-aspect-16-9 wp-has-aspect-ratio\"><div class=\"wp-block-embed__wrapper\">\n<iframe loading=\"lazy\" title=\"SIRMED \u2013 Tourniquet\" width=\"500\" height=\"281\" src=\"https:\/\/www.youtube.com\/embed\/JXk12sns78o?feature=oembed\" frameborder=\"0\" allow=\"accelerometer; autoplay; clipboard-write; encrypted-media; gyroscope; picture-in-picture; web-share\" allowfullscreen><\/iframe>\n<\/div><figcaption class=\"wp-element-caption\">https:\/\/youtu.be\/JXk12sns78o?si=hIiUiWvxPD1lj0EC<\/figcaption><\/figure>\n\n\n\n<p class=\"has-tiny-font-size\">Bildquelle: CAT-Bedienungsanleitung: https:\/\/www.medic-bandages.de\/media\/products\/CAT%20TQ%20Anleitung.pdf<\/p>\n","protected":false},"excerpt":{"rendered":"<p>Das Tourniquet ist ein Hilfsmittel, das bei starken Blutungen an Extremit\u00e4ten (Beine und Arme) eingesetzt wird. Oft wird es in der zivilen, aber auch taktischen Notfallmedizin verwendet, wie z.B. bei Schusswunden oder schnellen Blutstillungen im Krieg. Wichtig ist, dass wenn das Tourniquet mal angelegt wurde, man das Tourniquet auf keinem Fall wieder l\u00f6st. Im Normalfall [&hellip;]<\/p>\n","protected":false},"author":1,"featured_media":0,"parent":706,"menu_order":2,"comment_status":"closed","ping_status":"closed","template":"","meta":{"footnotes":""},"_links":{"self":[{"href":"https:\/\/lifesavers.a.land\/index.php?rest_route=\/wp\/v2\/pages\/483"}],"collection":[{"href":"https:\/\/lifesavers.a.land\/index.php?rest_route=\/wp\/v2\/pages"}],"about":[{"href":"https:\/\/lifesavers.a.land\/index.php?rest_route=\/wp\/v2\/types\/page"}],"author":[{"embeddable":true,"href":"https:\/\/lifesavers.a.land\/index.php?rest_route=\/wp\/v2\/users\/1"}],"replies":[{"embeddable":true,"href":"https:\/\/lifesavers.a.land\/index.php?rest_route=%2Fwp%2Fv2%2Fcomments&post=483"}],"version-history":[{"count":5,"href":"https:\/\/lifesavers.a.land\/index.php?rest_route=\/wp\/v2\/pages\/483\/revisions"}],"predecessor-version":[{"id":814,"href":"https:\/\/lifesavers.a.land\/index.php?rest_route=\/wp\/v2\/pages\/483\/revisions\/814"}],"up":[{"embeddable":true,"href":"https:\/\/lifesavers.a.land\/index.php?rest_route=\/wp\/v2\/pages\/706"}],"wp:attachment":[{"href":"https:\/\/lifesavers.a.land\/index.php?rest_route=%2Fwp%2Fv2%2Fmedia&parent=483"}],"curies":[{"name":"wp","href":"https:\/\/api.w.org\/{rel}","templated":true}]}}